7?
3, 11
List the prime factors of 443.
443
What are the prime factors of 25606?
2, 7, 31, 59
List the prime factors of 27616.
2, 863
What are the prime factors of 6371?
23, 277
List the prime factors of 1124.
2, 281
What are the prime factors of 1126?
2, 563
What are the prime factors of 272?
2, 17
List the prime factors of 7426.
2, 47, 79
List the prime factors of 854.
2, 7, 61
What are the prime factors of 4538?
2, 2269
What are the prime factors of 573?
3, 191
List the prime factors of 10419.
3, 23, 151
What are the prime factors of 14097?
3, 37, 127
List the prime factors of 66427.
181, 367
What are the prime factors of 1893?
3, 631
What are the prime factors of 1367?
1367
What are the prime factors of 3247?
17, 191
What are the prime factors of 23499?
3, 7, 373
What are the prime factors of 11899?
73, 163
List the prime factors of 334.
2, 167
List the prime factors of 12317.
109, 113
What are the prime factors of 832?
2, 13
List the prime factors of 8708.
2, 7, 311
List the prime factors of 1481.
1481
What are the prime factors of 17153?
17, 1009
What are the prime factors of 1290?
2, 3, 5, 43
What are the prime factors of 8354?
2, 4177
List the prime factors of 11962.
2, 5981
List the prime factors of 11332.
2, 2833
What are the prime factors of 38222?
2, 29, 659
List the prime factors of 8155.
5, 7, 233
What are the prime factors of 31101?
3, 7, 1481
List the prime factors of 1984.
2, 31
What are the prime factors of 17944?
2, 2243
List the prime factors of 1083.
3, 19
List the prime factors of 3016.
2, 13, 29
List the prime factors of 603.
3, 67
What are the prime factors of 390?
2, 3, 5, 13
What are the prime factors of 26713?
26713
List the prime factors of 110034.
2, 3, 6113
What are the prime factors of 53413?
31, 1723
List the prime factors of 34395.
3, 5, 2293
What are the prime factors of 130?
2, 5, 13
What are the prime factors of 68794?
2, 11, 53, 59
List the prime factors of 3105.
3, 5, 23
List the prime factors of 1301.
1301
List the prime factors of 413.
7, 59
What are the prime factors of 13636?
2, 7, 487
List the prime factors of 7740.
2, 3, 5, 43
List the prime factors of 178148.
2, 44537
List the prime factors of 735.
3, 5, 7
List the prime factors of 364.
2, 7, 13
What are the prime factors of 18491?
11, 41
List the prime factors of 5734.
2, 47, 61
List the prime factors of 16461.
3, 31, 59
What are the prime factors of 25647?
3, 83, 103
What are the prime factors of 37443?
3, 7, 1783
What are the prime factors of 16893?
3, 1877
List the prime factors of 4533.
3, 1511
What are the prime factors of 16276?
2, 13, 313
List the prime factors of 3758.
2, 1879
What are the prime factors of 5804?
2, 1451
List the prime factors of 7599.
3, 17, 149
What are the prime factors of 2321?
11, 211
List the prime factors of 9786.
2, 3, 7, 233
List the prime factors of 7761.
3, 13, 199
List the prime factors of 1083.
3, 19
What are the prime factors of 103897?
107, 971
List the prime factors of 42959.
7, 17, 19
What are the prime factors of 120?
2, 3, 5
List the prime factors of 11059.
11059
List the prime factors of 45095.
5, 29, 311
List the prime factors of 90443.
149, 607
What are the prime factors of 433?
433
List the prime factors of 18890.
2, 5, 1889
What are the prime factors of 30939?
3, 10313
What are the prime factors of 12616?
2, 19, 83
List the prime factors of 787.
787
What are the prime factors of 95?
5, 19
List the prime factors of 1478.
2, 739
List the prime factors of 715.
5, 11, 13
List the prime factors of 3177.
3, 353
List the prime factors of 15320.
2, 5, 383
What are the prime factors of 2258?
2, 1129
List the prime factors of 9613.
9613
What are the prime factors of 81106?
2, 107, 379
List the prime factors of 55992.
2, 3, 2333
List the prime factors of 58758.
2, 3, 7, 1399
What are the prime factors of 1609?
1609
What are the prime factors of 50663?
29, 1747
List the prime factors of 875.
5, 7
List the prime factors of 1739.
37, 47
What are the prime factors of 18173?
17, 1069
List the prime factors of 4290.
2, 3, 5, 11, 13
List the prime factors of 26128.
2, 23, 71
List the prime factors of 1208.
2, 151
List the prime factors of 12850.
2, 5, 257
List the prime factors of 39258.
2, 3, 727
List the prime factors of 16252.
2, 17, 239
What are the prime factors of 4860?
2, 3, 5
What are the prime factors of 5720?
2, 5, 11, 13
List the prime factors of 63261.
3, 11, 71
What are the prime factors of 23783?
17, 1399
What are the prime factors of 25020?
2, 3, 5, 139
What are the prime factors of 262?
2, 131
List the prime factors of 54514.
2, 97, 281
What are the prime factors of 12649?
7, 13, 139
List the prime factors of 2034.
2, 3, 113
List the prime factors of 722.
2, 19
List the prime factors of 127.
127
What are the prime factors of 18340?
2, 5, 7, 131
List the prime factors of 54.
2, 3
What are the prime factors of 19927?
19927
What are the prime factors of 34294?
2, 13, 1319
List the prime factors of 2931.
3, 977
What are the prime factors of 42595?
5, 7, 1217
What are the prime factors of 21816?
2, 3, 101
List the prime factors of 990.
2, 3, 5, 11
List the prime factors of 3478.
2, 37, 47
What are the prime factors of 4325?
5, 173
What are the prime factors of 4199?
13, 17, 19
List the prime factors of 3790.
2, 5, 379
What are the prime factors of 2652?
2, 3, 13, 17
List the prime factors of 118221.
3, 157, 251
What are the prime factors of 8931?
3, 13, 229
What are the prime factors of 10286?
2, 37, 139
What are the prime factors of 2180?
2, 5, 109
List the prime factors of 307.
307
What are the prime factors of 871?
13, 67
What are the prime factors of 333?
3, 37
What are the prime factors of 118760?
2, 5, 2969
What are the prime factors of 1131?
3, 13, 29
What are the prime factors of 877?
877
List the prime factors of 68782.
2, 7, 17
List the prime factors of 2657.
2657
What are the prime factors of 23554?
2, 11777
List the prime factors of 1508.
2, 13, 29
List the prime factors of 858.
2, 3, 11, 13
List the prime factors of 3394.
2, 1697
What are the prime factors of 8699?
8699
List the prime factors of 4371.
3, 31, 47
List the prime factors of 82867.
173, 479
What are the prime factors of 53437?
53437
List the prime factors of 40625.
5, 13
What are the prime factors of 8689?
8689
List the prime factors of 7399.
7, 151
List the prime factors of 1789.
1789
List the prime factors of 804.
2, 3, 67
What are the prime factors of 188?
2, 47
What are the prime factors of 786?
2, 3, 131
What are the prime factors of 243?
3
List the prime factors of 7679.
7, 1097
List the prime factors of 83728.
2, 5233
What are the prime factors of 9809?
17, 577
What are the prime factors of 5000?
2, 5
What are the prime factors of 26400?
2, 3, 5, 11
List the prime factors of 680.
2, 5, 17
List the prime factors of 14022.
2, 3, 19, 41
What are the prime factors of 684?
2, 3, 19
List the prime factors of 88378.
2, 44189
List the prime factors of 14971.
11, 1361
List the prime factors of 3299.
3299
What are the prime factors of 9075?
3, 5, 11
What are the prime factors of 31307?
31307
List the prime factors of 37959.
3, 12653
List the prime factors of 143785.
5, 149, 193
List the prime factors of 142.
2, 71
List the prime factors of 260.
2, 5, 13
List the prime factors of 233.
233
What are the prime factors of 688?
2, 43
List the prime factors of 11131.
11131
What are the prime factors of 2142?
2, 3, 7, 17
What are the prime factors of 398?
2, 199
List the prime factors of 2950.
2, 5, 59
List the prime factors of 222.
2, 3, 37
What are the prime factors of 5705?
5, 7, 163
List the prime factors of 693.
3, 7, 11
What are the prime factors of 2413?
19, 127
What are the prime factors of 2470?
2, 5, 13, 19
What are the prime factors of 62436?
2, 3, 11, 43
List the prime factors of 16594.
2, 8297
List the prime factors of 52005.
3, 5, 3467
List the prime factors of 19703.
17, 19, 61
List the prime factors of 578.
2, 17
List the prime factors of 4825.
5, 193
List the prime factors of 1849.
43
What are the prime factors of 3485?
5, 17, 41
List the prime factors of 2895.
3, 5, 193
What are the prime factors of 1127?
7, 23
List the prime factors of 1544.
2, 193
What are the prime factors of 47359?
13, 3643
What are the prime factors 